{"id":1643,"date":"2022-01-25T18:33:18","date_gmt":"2022-01-25T18:33:18","guid":{"rendered":"https:\/\/www.empremedia.pt\/?page_id=1643"},"modified":"2022-04-20T10:31:47","modified_gmt":"2022-04-20T10:31:47","slug":"testemunhos-de-clientes","status":"publish","type":"page","link":"https:\/\/www.empremedia.pt\/?page_id=1643","title":{"rendered":"Testemunhos de Clientes"},"content":{"rendered":"<div class=\"fusion-fullwidth fullwidth-box nonhundred-percent-fullwidth non-hundred-percent-height-scrolling\"  style='background-color: rgba(255,255,255,0);background-position: center center;background-repeat: no-repeat;padding-top:0px;padding-right:0px;padding-bottom:0px;padding-left:0px;'><div class=\"fusion-builder-row fusion-row \"><div  class=\"fusion-layout-column fusion_builder_column fusion_builder_column_1_1  fusion-one-full fusion-column-first fusion-column-last 1_1\"  style='margin-top:0px;margin-bottom:0px;'>\n\t\t\t\t\t<div class=\"fusion-column-wrapper\" style=\"padding: 0px 0px 0px 0px;background-position:left top;background-repeat:no-repeat;-webkit-background-size:cover;-moz-background-size:cover;-o-background-size:cover;background-size:cover;\"  data-bg-url=\"\">\n\t\t\t\t\t\t<div class=\"fusion-text\"><h2><span class=\"has-inline-color\" style=\"color: #114734;\">Testemunhos de Clientes<\/span><\/h2>\n<p>&nbsp;<\/p>\n<p>Os profissionais da Emprem\u00e9dia desenvolvem diariamente a sua atividade profissional com foco no cliente e na sua satisfa\u00e7\u00e3o, defendendo os seus interesses junto do mercado segurador com o objetivo de apresentar as condi\u00e7\u00f5es mais ajustada \u00e0s necessidades dos nossos clientes.<\/p>\n<p>&nbsp;<\/p>\n<p>De seguida apresentamos os testemunhos de alguns dos nossos clientes, que refor\u00e7am a rela\u00e7\u00e3o profissional e de confian\u00e7a presente entre os mesmos e a Emprem\u00e9dia:<\/p>\n<p>&nbsp;<\/p>\n<hr class=\"wp-block-separator aligncenter has-text-color has-background has-luminous-vivid-orange-background-color has-luminous-vivid-orange-color is-style-wide\" \/>\n<p>&nbsp;<\/p>\n<h3><span class=\"has-inline-color\" style=\"color: #114734;\">Empresas <\/span><\/h3>\n<p>&nbsp;<\/p>\n<div class=\"wp-block-columns has-text-color has-background\" style=\"background-color: #cacfd3; color: #000000;\">\n<div class=\"wp-block-column has-text-color has-background\" style=\"background-color: #cacfd3; color: #000000;\">\n<p class=\"has-black-color has-text-color\">&#8220;Equipa profissional e centrada na presta\u00e7\u00e3o de um servi\u00e7o orientado para as necessidades do cliente.&#8221;<\/p>\n<p class=\"has-black-color has-text-color has-small-font-size\">Manuel Rocha &#8211; <em>Best Forecast Europe<\/em><\/p>\n<\/div>\n<\/div>\n<p>&nbsp;<\/p>\n<div class=\"wp-block-columns has-text-color has-background\" style=\"background-color: #cacfd3; color: #000000;\">\n<div class=\"wp-block-column has-text-color has-background\" style=\"background-color: #cacfd3; color: #000000;\">\n<p class=\"has-black-color has-text-color\">&#8220;Toda a equipa da Emprem\u00e9dia apresenta um grande n\u00edvel de profissionalismo. O nosso gestor \u00e9 competente, dispon\u00edvel e denota um excelente conhecimento do mercado, produtos e solu\u00e7\u00f5es mais adequadas.&#8221;<\/p>\n<p class=\"has-black-color has-text-color has-small-font-size\">Filomena Martins Cunha &#8211; <em>PARTEX Corporative Services<\/em><\/p>\n<\/div>\n<\/div>\n<p>&nbsp;<\/p>\n<hr class=\"wp-block-separator aligncenter has-text-color has-background has-luminous-vivid-orange-background-color has-luminous-vivid-orange-color is-style-wide\" \/>\n<p>&nbsp;<\/p>\n<h3><span class=\"has-inline-color\" style=\"color: #114734;\">Particulares<\/span><\/h3>\n<p>&nbsp;<\/p>\n<div class=\"wp-block-columns has-text-color has-background\" style=\"background-color: #d9e2ea; color: #000000;\">\n<div class=\"wp-block-column has-text-color has-background\" style=\"background-color: #d9e2ea; color: #000000;\">\n<p class=\"has-black-color has-text-color\">&#8220;Profissionalismo na abordagem e apresenta\u00e7\u00e3o de solu\u00e7\u00f5es adequadas \u00e0s necessidades.&#8221;<\/p>\n<p class=\"has-black-color has-text-color has-small-font-size\">Isabel Rocha<\/p>\n<\/div>\n<\/div>\n<p>&nbsp;<\/p>\n<div class=\"wp-block-columns has-text-color has-background\" style=\"background-color: #d9e2ea; color: #000000;\">\n<div class=\"wp-block-column has-text-color has-background\" style=\"background-color: #d9e2ea; color: #000000;\">\n<p class=\"has-black-color has-text-color\">&#8220;Comprometimento na resolu\u00e7\u00e3o dos problemas juntamente com a simpatia no contacto.&#8221;<\/p>\n<p class=\"has-black-color has-text-color has-small-font-size\">Ant\u00f3nio Rodrigues Vaz<\/p>\n<\/div>\n<\/div>\n<p>&nbsp;<\/p>\n<div class=\"wp-block-columns has-text-color has-background\" style=\"background-color: #d9e2ea; color: #000000;\">\n<div class=\"wp-block-column has-text-color has-background\" style=\"background-color: #d9e2ea; color: #000000;\">\n<p class=\"has-black-color has-text-color\">&#8220;Sempre que solicitei a ajuda dos vossos profissionais, foram extremamente profissionais, sol\u00edcitos, educados, prontos a ajudar no que fosse necess\u00e1rio, s\u00f3 tenho que agradecer o tratamento recebido ao longo destes anos juntos. Muito obrigado.&#8221;<\/p>\n<p class=\"has-black-color has-text-color has-small-font-size\">Arnaldo de Toledo<\/p>\n<\/div>\n<\/div>\n<p>&nbsp;<\/p>\n<div class=\"wp-block-columns has-text-color has-background\" style=\"background-color: #d9e2ea; color: #000000;\">\n<div class=\"wp-block-column has-text-color has-background\" style=\"background-color: #d9e2ea; color: #000000;\">\n<p class=\"has-black-color has-text-color\">&#8220;Estou muito satisfeito com a forma sempre simp\u00e1tica e profissional como os problemas s\u00e3o abordados e resolvidos.&#8221;<\/p>\n<p class=\"has-black-color has-text-color has-small-font-size\">Agostinho Nunes Fernandes<\/p>\n<\/div>\n<\/div>\n<p>&nbsp;<\/p>\n<p>&nbsp;<\/p>\n<p>&nbsp;<\/p>\n<\/div><div class=\"fusion-clearfix\"><\/div>\n\n\t\t\t\t\t<\/div>\n\t\t\t\t<\/div><\/div><\/div>","protected":false},"excerpt":{"rendered":"","protected":false},"author":2,"featured_media":0,"parent":0,"menu_order":0,"comment_status":"closed","ping_status":"closed","template":"","meta":[],"_links":{"self":[{"href":"https:\/\/www.empremedia.pt\/index.php?rest_route=\/wp\/v2\/pages\/1643"}],"collection":[{"href":"https:\/\/www.empremedia.pt\/index.php?rest_route=\/wp\/v2\/pages"}],"about":[{"href":"https:\/\/www.empremedia.pt\/index.php?rest_route=\/wp\/v2\/types\/page"}],"author":[{"embeddable":true,"href":"https:\/\/www.empremedia.pt\/index.php?rest_route=\/wp\/v2\/users\/2"}],"replies":[{"embeddable":true,"href":"https:\/\/www.empremedia.pt\/index.php?rest_route=%2Fwp%2Fv2%2Fcomments&post=1643"}],"version-history":[{"count":6,"href":"https:\/\/www.empremedia.pt\/index.php?rest_route=\/wp\/v2\/pages\/1643\/revisions"}],"predecessor-version":[{"id":1771,"href":"https:\/\/www.empremedia.pt\/index.php?rest_route=\/wp\/v2\/pages\/1643\/revisions\/1771"}],"wp:attachment":[{"href":"https:\/\/www.empremedia.pt\/index.php?rest_route=%2Fwp%2Fv2%2Fmedia&parent=1643"}],"curies":[{"name":"wp","href":"https:\/\/api.w.org\/{rel}","templated":true}]}}

<div class="fusion-fullwidth fullwidth-box nonhundred-percent-fullwidth non-hundred-percent-height-scrolling"  style='background-color: rgba(255,255,255,0);background-position: center center;background-repeat: no-repeat;padding-top:0px;padding-right:0px;padding-bottom:0px;padding-left:0px;'><div class="fusion-builder-row fusion-row "><div  class="fusion-layout-column fusion_builder_column fusion_builder_column_1_1  fusion-one-full fusion-column-first fusion-column-last 1_1"  style='margin-top:0px;margin-bottom:0px;'>
					<div class="fusion-column-wrapper" style="padding: 0px 0px 0px 0px;background-position:left top;background-repeat:no-repeat;-webkit-background-size:cover;-moz-background-size:cover;-o-background-size:cover;background-size:cover;"  data-bg-url="">
						<div class="fusion-text"><h2><span class="has-inline-color" style="color: #114734;">Testemunhos de Clientes</span></h2>
<p>&nbsp;</p>
<p>Os profissionais da Empremédia desenvolvem diariamente a sua atividade profissional com foco no cliente e na sua satisfação, defendendo os seus interesses junto do mercado segurador com o objetivo de apresentar as condições mais ajustada às necessidades dos nossos clientes.</p>
<p>&nbsp;</p>
<p>De seguida apresentamos os testemunhos de alguns dos nossos clientes, que reforçam a relação profissional e de confiança presente entre os mesmos e a Empremédia:</p>
<p>&nbsp;</p>
<hr class="wp-block-separator aligncenter has-text-color has-background has-luminous-vivid-orange-background-color has-luminous-vivid-orange-color is-style-wide" />
<p>&nbsp;</p>
<h3><span class="has-inline-color" style="color: #114734;">Empresas </span></h3>
<p>&nbsp;</p>
<div class="wp-block-columns has-text-color has-background" style="background-color: #cacfd3; color: #000000;">
<div class="wp-block-column has-text-color has-background" style="background-color: #cacfd3; color: #000000;">
<p class="has-black-color has-text-color">&#8220;Equipa profissional e centrada na prestação de um serviço orientado para as necessidades do cliente.&#8221;</p>
<p class="has-black-color has-text-color has-small-font-size">Manuel Rocha &#8211; <em>Best Forecast Europe</em></p>
</div>
</div>
<p>&nbsp;</p>
<div class="wp-block-columns has-text-color has-background" style="background-color: #cacfd3; color: #000000;">
<div class="wp-block-column has-text-color has-background" style="background-color: #cacfd3; color: #000000;">
<p class="has-black-color has-text-color">&#8220;Toda a equipa da Empremédia apresenta um grande nível de profissionalismo. O nosso gestor é competente, disponível e denota um excelente conhecimento do mercado, produtos e soluções mais adequadas.&#8221;</p>
<p class="has-black-color has-text-color has-small-font-size">Filomena Martins Cunha &#8211; <em>PARTEX Corporative Services</em></p>
</div>
</div>
<p>&nbsp;</p>
<hr class="wp-block-separator aligncenter has-text-color has-background has-luminous-vivid-orange-background-color has-luminous-vivid-orange-color is-style-wide" />
<p>&nbsp;</p>
<h3><span class="has-inline-color" style="color: #114734;">Particulares</span></h3>
<p>&nbsp;</p>
<div class="wp-block-columns has-text-color has-background" style="background-color: #d9e2ea; color: #000000;">
<div class="wp-block-column has-text-color has-background" style="background-color: #d9e2ea; color: #000000;">
<p class="has-black-color has-text-color">&#8220;Profissionalismo na abordagem e apresentação de soluções adequadas às necessidades.&#8221;</p>
<p class="has-black-color has-text-color has-small-font-size">Isabel Rocha</p>
</div>
</div>
<p>&nbsp;</p>
<div class="wp-block-columns has-text-color has-background" style="background-color: #d9e2ea; color: #000000;">
<div class="wp-block-column has-text-color has-background" style="background-color: #d9e2ea; color: #000000;">
<p class="has-black-color has-text-color">&#8220;Comprometimento na resolução dos problemas juntamente com a simpatia no contacto.&#8221;</p>
<p class="has-black-color has-text-color has-small-font-size">António Rodrigues Vaz</p>
</div>
</div>
<p>&nbsp;</p>
<div class="wp-block-columns has-text-color has-background" style="background-color: #d9e2ea; color: #000000;">
<div class="wp-block-column has-text-color has-background" style="background-color: #d9e2ea; color: #000000;">
<p class="has-black-color has-text-color">&#8220;Sempre que solicitei a ajuda dos vossos profissionais, foram extremamente profissionais, solícitos, educados, prontos a ajudar no que fosse necessário, só tenho que agradecer o tratamento recebido ao longo destes anos juntos. Muito obrigado.&#8221;</p>
<p class="has-black-color has-text-color has-small-font-size">Arnaldo de Toledo</p>
</div>
</div>
<p>&nbsp;</p>
<div class="wp-block-columns has-text-color has-background" style="background-color: #d9e2ea; color: #000000;">
<div class="wp-block-column has-text-color has-background" style="background-color: #d9e2ea; color: #000000;">
<p class="has-black-color has-text-color">&#8220;Estou muito satisfeito com a forma sempre simpática e profissional como os problemas são abordados e resolvidos.&#8221;</p>
<p class="has-black-color has-text-color has-small-font-size">Agostinho Nunes Fernandes</p>
</div>
</div>
<p>&nbsp;</p>
<p>&nbsp;</p>
<p>&nbsp;</p>
</div><div class="fusion-clearfix"></div>

					</div>
				</div></div></div>
